{"id":72,"date":"2019-10-22T14:55:21","date_gmt":"2019-10-22T14:55:21","guid":{"rendered":"https:\/\/atelier-restauration-ceramique-des-boutons-dor.fr\/?page_id=72"},"modified":"2022-10-04T17:16:54","modified_gmt":"2022-10-04T17:16:54","slug":"technique","status":"publish","type":"page","link":"https:\/\/atelier-restauration-ceramique-des-boutons-dor.fr\/index.php\/technique\/","title":{"rendered":"TECHNIQUES"},"content":{"rendered":"\n<p>Il existe diff\u00e9rents types de\nrestauration applicables aux objets en c\u00e9ramique. <\/p>\n\n\n\n<p>Elles sont de deux sortes&nbsp;:\nles restaurations r\u00e9versibles et la restauration d\u00e9finitive. <\/p>\n\n\n\n<p><strong>Les restaurations r\u00e9versibles<\/strong> peuvent, comme leur nom l\u2019indique,\n\u00eatre d\u00e9mont\u00e9es. Il est \u00e0 noter qu\u2019elles n\u00e9cessitent d\u2019employer des produits chimiques\nqui interdisent l\u2019utilisation alimentaire des objets apr\u00e8s restauration.<\/p>\n\n\n\n<p>-la restauration\narch\u00e9ologique&nbsp;: pour les pi\u00e8ces c\u00e9ramiques mises au jour en fouilles, les\ntessons de la pi\u00e8ce sont recoll\u00e9s ensemble, les manques combl\u00e9s avec un pl\u00e2tre\nde schiste teint\u00e9 d\u2019une couleur diff\u00e9rente des tessons originaux, afin de\nrendre la forme de la pi\u00e8ce sans en d\u00e9naturer l\u2019\u00e9tat de d\u00e9couverte. <\/p>\n\n\n\n<p>-la restauration mus\u00e9ale&nbsp;:\nelle consiste \u00e0 restaurer la pi\u00e8ce &nbsp;en\nrecollant les tessons et comblant les manques avec un pl\u00e2tre ou un mastic de\nm\u00eame teinte que la terre ou l\u2019email de la pi\u00e8ce. En cas de restauration totale\ndu d\u00e9cor, on peut n\u2019intervenir que sur l\u2019endroit, afin de garder sur l\u2019envers\nles traces de l\u2019histoire de l\u2019objet. Cette technique s\u2019utilise pour les pi\u00e8ces\nde mus\u00e9e, de collection ou de particuliers. <\/p>\n\n\n\n<p>-la restauration illusionniste&nbsp;:\nelle consiste \u00e0 restaurer la pi\u00e8ce de la mani\u00e8re la plus invisible possible,\nafin de masquer totalement la cassure et\/ou les manques. Elle s\u2019utilise pour\ntous types de pi\u00e8ces. <\/p>\n\n\n\n<h2 class=\"wp-block-heading\">Narghil\u00e9 en fa\u00efence d&rsquo;Istanbul<\/h2>\n\n\n\n<figure class=\"wp-block-image size-large is-resized\"><img loading=\"lazy\" decoding=\"async\" src=\"https:\/\/atelier-restauration-ceramique-des-boutons-dor.fr\/wp-content\/uploads\/2022\/10\/IMG_6667-893x1024.jpg\" alt=\"\" class=\"wp-image-435\" width=\"513\" height=\"587\" srcset=\"https:\/\/atelier-restauration-ceramique-des-boutons-dor.fr\/wp-content\/uploads\/2022\/10\/IMG_6667-893x1024.jpg 893w, https:\/\/atelier-restauration-ceramique-des-boutons-dor.fr\/wp-content\/uploads\/2022\/10\/IMG_6667-262x300.jpg 262w, https:\/\/atelier-restauration-ceramique-des-boutons-dor.fr\/wp-content\/uploads\/2022\/10\/IMG_6667-768x880.jpg 768w, https:\/\/atelier-restauration-ceramique-des-boutons-dor.fr\/wp-content\/uploads\/2022\/10\/IMG_6667-1340x1536.jpg 1340w, https:\/\/atelier-restauration-ceramique-des-boutons-dor.fr\/wp-content\/uploads\/2022\/10\/IMG_6667.jpg 1722w\" sizes=\"(max-width: 513px) 100vw, 513px\" \/><\/figure>\n\n\n\n<figure class=\"wp-block-image size-large is-resized\"><img loading=\"lazy\" decoding=\"async\" src=\"https:\/\/atelier-restauration-ceramique-des-boutons-dor.fr\/wp-content\/uploads\/2022\/10\/IMG_8693-647x1024.jpg\" alt=\"\" class=\"wp-image-440\" width=\"518\" height=\"820\" srcset=\"https:\/\/atelier-restauration-ceramique-des-boutons-dor.fr\/wp-content\/uploads\/2022\/10\/IMG_8693-647x1024.jpg 647w, https:\/\/atelier-restauration-ceramique-des-boutons-dor.fr\/wp-content\/uploads\/2022\/10\/IMG_8693-190x300.jpg 190w, https:\/\/atelier-restauration-ceramique-des-boutons-dor.fr\/wp-content\/uploads\/2022\/10\/IMG_8693-768x1216.jpg 768w, https:\/\/atelier-restauration-ceramique-des-boutons-dor.fr\/wp-content\/uploads\/2022\/10\/IMG_8693-970x1536.jpg 970w, https:\/\/atelier-restauration-ceramique-des-boutons-dor.fr\/wp-content\/uploads\/2022\/10\/IMG_8693-1294x2048.jpg 1294w, https:\/\/atelier-restauration-ceramique-des-boutons-dor.fr\/wp-content\/uploads\/2022\/10\/IMG_8693-scaled.jpg 1617w\" sizes=\"(max-width: 518px) 100vw, 518px\" \/><\/figure>\n\n\n\n<p><strong>La restauration d\u00e9finitive <\/strong>est la seule \u00e0 permettre de r\u00e9utiliser\nl\u2019objet de mani\u00e8re alimentaire, les mati\u00e8res employ\u00e9es \u00e9tant naturelles et\nabsolument inertes apr\u00e8s s\u00e9chage. <\/p>\n\n\n\n<p>Cette restauration s\u2019effectue\navec la technique japonaise ancestrale du <em>kintsugi<\/em>,\n\u00ab&nbsp;r\u00e9paration \u00e0 l\u2019or&nbsp;\u00bb, qui utilise la laque, issue de la s\u00e8ve d\u2019un\narbre (Rhus verniciflua, <em>urushi<\/em> en\njaponais), afin de recoller les tessons entre eux. Elle n\u00e9cessite un temps de\ns\u00e9chage de sept jours entre chaque \u00e9tape, \u00e0 une temp\u00e9rature et une hygrom\u00e9trie\nparticuli\u00e8res. Une fois la pi\u00e8ce recoll\u00e9e, la cassure et les manques ne sont\npas masqu\u00e9s mais au contraire mis en valeur et soulign\u00e9s \u00e0 l\u2019aide d\u2019un trait ou\nd\u2019application de laque. Le trait de laque peut soit \u00eatre laiss\u00e9 brut, on parle\nalors de <em>urushi tsugi<\/em>, recouvert de\npoudre d\u2019or, de <em>kintsugi<\/em>, ou de\npoudre d\u2019argent, de <em>gintsugi<\/em>. On peut\nbien s\u00fbr utiliser des poudres m\u00e9talliques de substitution \u00e0 ces m\u00e9taux\npr\u00e9cieux. <\/p>\n\n\n\n<p>Le <em>kintsugi<\/em> et ses variantes rel\u00e8vent de la philosophie japonaise du\nWabi-Sabi, qui am\u00e8ne \u00e0 d\u00e9couvrir la beaut\u00e9 dans les choses les plus simples et dans\nleur irr\u00e9gularit\u00e9, laquelle en fait des objets uniques. <\/p>\n\n\n\n<p>Dans cette pens\u00e9e, le fait d\u2019\u00eatre\nbris\u00e9 ne fait pas de l\u2019objet un rebut, mais entre au contraire dans l\u2019histoire\nde celui-ci, dans son v\u00e9cu. Les&nbsp;lignes cr\u00e9\u00e9es par les cassures dessinent\nle \u00ab&nbsp;paysage&nbsp;\u00bb, elles peuvent m\u00eame se continuer en un dessin\nparticulier ajout\u00e9 par l\u2019artisan. Ce paysage est comme les rides d\u2019un visage,\nla trace de son v\u00e9cu, de son histoire. La cassure ne d\u00e9t\u00e9riore pas l\u2019objet mais\nle magnifie. <\/p>\n\n\n\n<p>La technique du <em>kintsugi<\/em> n\u00e9cessite des pr\u00e9cautions\nparticuli\u00e8res et une grande concentration, en raison du caract\u00e8re tr\u00e8s\nallerg\u00e8ne de la laque. Tous les mat\u00e9riaux ainsi qu\u2019une grande partie de\nl\u2019outillage doivent \u00eatre import\u00e9s du Japon. <\/p>\n\n\n\n<p>Cette technique permet aussi de restaurer les objets en bois et en verre. <\/p>\n\n\n\n<h2 class=\"wp-block-heading\">Restauration d&rsquo;une coupe en gr\u00e8s de St-Amand-en-Puisaye, cr\u00e9ation Les Guimards\u00ae<\/h2>\n\n\n\n<p><\/p>\n\n\n\n<figure class=\"wp-block-image size-large is-resized\"><img loading=\"lazy\" decoding=\"async\" src=\"https:\/\/atelier-restauration-ceramique-des-boutons-dor.fr\/wp-content\/uploads\/2022\/10\/IMG_8580-1024x973.jpg\" alt=\"\" class=\"wp-image-359\" width=\"534\" height=\"507\" srcset=\"https:\/\/atelier-restauration-ceramique-des-boutons-dor.fr\/wp-content\/uploads\/2022\/10\/IMG_8580-1024x973.jpg 1024w, https:\/\/atelier-restauration-ceramique-des-boutons-dor.fr\/wp-content\/uploads\/2022\/10\/IMG_8580-300x285.jpg 300w, https:\/\/atelier-restauration-ceramique-des-boutons-dor.fr\/wp-content\/uploads\/2022\/10\/IMG_8580-768x730.jpg 768w, https:\/\/atelier-restauration-ceramique-des-boutons-dor.fr\/wp-content\/uploads\/2022\/10\/IMG_8580-1536x1460.jpg 1536w, https:\/\/atelier-restauration-ceramique-des-boutons-dor.fr\/wp-content\/uploads\/2022\/10\/IMG_8580-2048x1946.jpg 2048w\" sizes=\"(max-width: 534px) 100vw, 534px\" \/><\/figure>\n\n\n\n<figure class=\"wp-block-image size-large is-resized\"><img loading=\"lazy\" decoding=\"async\" src=\"https:\/\/atelier-restauration-ceramique-des-boutons-dor.fr\/wp-content\/uploads\/2022\/10\/IMG_8582-1024x1010.jpg\" alt=\"\" class=\"wp-image-360\" width=\"537\" height=\"529\" srcset=\"https:\/\/atelier-restauration-ceramique-des-boutons-dor.fr\/wp-content\/uploads\/2022\/10\/IMG_8582-1024x1010.jpg 1024w, https:\/\/atelier-restauration-ceramique-des-boutons-dor.fr\/wp-content\/uploads\/2022\/10\/IMG_8582-300x296.jpg 300w, https:\/\/atelier-restauration-ceramique-des-boutons-dor.fr\/wp-content\/uploads\/2022\/10\/IMG_8582-768x758.jpg 768w, https:\/\/atelier-restauration-ceramique-des-boutons-dor.fr\/wp-content\/uploads\/2022\/10\/IMG_8582-1536x1516.jpg 1536w, https:\/\/atelier-restauration-ceramique-des-boutons-dor.fr\/wp-content\/uploads\/2022\/10\/IMG_8582-2048x2021.jpg 2048w, https:\/\/atelier-restauration-ceramique-des-boutons-dor.fr\/wp-content\/uploads\/2022\/10\/IMG_8582-100x100.jpg 100w\" sizes=\"(max-width: 537px) 100vw, 537px\" \/><\/figure>\n\n\n\n<h2 class=\"wp-block-heading\">Collage des tessons \u00e0 la laque urushi pure<\/h2>\n\n\n\n<figure class=\"wp-block-image size-large is-resized\"><img loading=\"lazy\" decoding=\"async\" src=\"https:\/\/atelier-restauration-ceramique-des-boutons-dor.fr\/wp-content\/uploads\/2022\/10\/IMG_8643-1019x1024.jpg\" alt=\"\" class=\"wp-image-361\" width=\"538\" height=\"540\" srcset=\"https:\/\/atelier-restauration-ceramique-des-boutons-dor.fr\/wp-content\/uploads\/2022\/10\/IMG_8643-1019x1024.jpg 1019w, https:\/\/atelier-restauration-ceramique-des-boutons-dor.fr\/wp-content\/uploads\/2022\/10\/IMG_8643-298x300.jpg 298w, https:\/\/atelier-restauration-ceramique-des-boutons-dor.fr\/wp-content\/uploads\/2022\/10\/IMG_8643-150x150.jpg 150w, https:\/\/atelier-restauration-ceramique-des-boutons-dor.fr\/wp-content\/uploads\/2022\/10\/IMG_8643-768x772.jpg 768w, https:\/\/atelier-restauration-ceramique-des-boutons-dor.fr\/wp-content\/uploads\/2022\/10\/IMG_8643-1528x1536.jpg 1528w, https:\/\/atelier-restauration-ceramique-des-boutons-dor.fr\/wp-content\/uploads\/2022\/10\/IMG_8643-2037x2048.jpg 2037w, https:\/\/atelier-restauration-ceramique-des-boutons-dor.fr\/wp-content\/uploads\/2022\/10\/IMG_8643-100x100.jpg 100w\" sizes=\"(max-width: 538px) 100vw, 538px\" \/><\/figure>\n\n\n\n<figure class=\"wp-block-image size-large is-resized\"><img loading=\"lazy\" decoding=\"async\" src=\"https:\/\/atelier-restauration-ceramique-des-boutons-dor.fr\/wp-content\/uploads\/2022\/10\/IMG_8646-1024x972.jpg\" alt=\"\" class=\"wp-image-362\" width=\"540\" height=\"512\" srcset=\"https:\/\/atelier-restauration-ceramique-des-boutons-dor.fr\/wp-content\/uploads\/2022\/10\/IMG_8646-1024x972.jpg 1024w, https:\/\/atelier-restauration-ceramique-des-boutons-dor.fr\/wp-content\/uploads\/2022\/10\/IMG_8646-300x285.jpg 300w, https:\/\/atelier-restauration-ceramique-des-boutons-dor.fr\/wp-content\/uploads\/2022\/10\/IMG_8646-768x729.jpg 768w, https:\/\/atelier-restauration-ceramique-des-boutons-dor.fr\/wp-content\/uploads\/2022\/10\/IMG_8646-1536x1457.jpg 1536w, https:\/\/atelier-restauration-ceramique-des-boutons-dor.fr\/wp-content\/uploads\/2022\/10\/IMG_8646-2048x1943.jpg 2048w\" sizes=\"(max-width: 540px) 100vw, 540px\" \/><\/figure>\n\n\n\n<h2 class=\"wp-block-heading\">Comblement des fissures et manques au sabi-urushi ( m\u00e9lange de laque pure et de tr\u00e8s fine poudre d&rsquo;argile japonaise)<\/h2>\n\n\n\n<figure class=\"wp-block-image size-large is-resized\"><img loading=\"lazy\" decoding=\"async\" src=\"https:\/\/atelier-restauration-ceramique-des-boutons-dor.fr\/wp-content\/uploads\/2022\/10\/IMG_8648-1024x1024.jpg\" alt=\"\" class=\"wp-image-363\" width=\"545\" height=\"545\" srcset=\"https:\/\/atelier-restauration-ceramique-des-boutons-dor.fr\/wp-content\/uploads\/2022\/10\/IMG_8648-1024x1024.jpg 1024w, https:\/\/atelier-restauration-ceramique-des-boutons-dor.fr\/wp-content\/uploads\/2022\/10\/IMG_8648-300x300.jpg 300w, https:\/\/atelier-restauration-ceramique-des-boutons-dor.fr\/wp-content\/uploads\/2022\/10\/IMG_8648-150x150.jpg 150w, https:\/\/atelier-restauration-ceramique-des-boutons-dor.fr\/wp-content\/uploads\/2022\/10\/IMG_8648-768x767.jpg 768w, https:\/\/atelier-restauration-ceramique-des-boutons-dor.fr\/wp-content\/uploads\/2022\/10\/IMG_8648-1536x1534.jpg 1536w, https:\/\/atelier-restauration-ceramique-des-boutons-dor.fr\/wp-content\/uploads\/2022\/10\/IMG_8648-2048x2045.jpg 2048w, https:\/\/atelier-restauration-ceramique-des-boutons-dor.fr\/wp-content\/uploads\/2022\/10\/IMG_8648-100x100.jpg 100w\" sizes=\"(max-width: 545px) 100vw, 545px\" \/><\/figure>\n\n\n\n<figure class=\"wp-block-image size-large is-resized\"><img loading=\"lazy\" decoding=\"async\" src=\"https:\/\/atelier-restauration-ceramique-des-boutons-dor.fr\/wp-content\/uploads\/2022\/10\/IMG_8651-1024x957.jpg\" alt=\"\" class=\"wp-image-364\" width=\"547\" height=\"510\" srcset=\"https:\/\/atelier-restauration-ceramique-des-boutons-dor.fr\/wp-content\/uploads\/2022\/10\/IMG_8651-1024x957.jpg 1024w, https:\/\/atelier-restauration-ceramique-des-boutons-dor.fr\/wp-content\/uploads\/2022\/10\/IMG_8651-300x280.jpg 300w, https:\/\/atelier-restauration-ceramique-des-boutons-dor.fr\/wp-content\/uploads\/2022\/10\/IMG_8651-768x717.jpg 768w, https:\/\/atelier-restauration-ceramique-des-boutons-dor.fr\/wp-content\/uploads\/2022\/10\/IMG_8651-1536x1435.jpg 1536w, https:\/\/atelier-restauration-ceramique-des-boutons-dor.fr\/wp-content\/uploads\/2022\/10\/IMG_8651-2048x1913.jpg 2048w\" sizes=\"(max-width: 547px) 100vw, 547px\" \/><\/figure>\n\n\n\n<h2 class=\"wp-block-heading\">Couverture de la ligne de cassure \u00e0 la laque neri-bengara saupoudr\u00e9e de poudre or clair<\/h2>\n\n\n\n<figure class=\"wp-block-image size-large is-resized\"><img loading=\"lazy\" decoding=\"async\" src=\"https:\/\/atelier-restauration-ceramique-des-boutons-dor.fr\/wp-content\/uploads\/2022\/10\/IMG_8685-1024x943.jpg\" alt=\"\" class=\"wp-image-441\" width=\"554\" height=\"509\" srcset=\"https:\/\/atelier-restauration-ceramique-des-boutons-dor.fr\/wp-content\/uploads\/2022\/10\/IMG_8685-1024x943.jpg 1024w, https:\/\/atelier-restauration-ceramique-des-boutons-dor.fr\/wp-content\/uploads\/2022\/10\/IMG_8685-300x276.jpg 300w, https:\/\/atelier-restauration-ceramique-des-boutons-dor.fr\/wp-content\/uploads\/2022\/10\/IMG_8685-1536x1415.jpg 1536w, https:\/\/atelier-restauration-ceramique-des-boutons-dor.fr\/wp-content\/uploads\/2022\/10\/IMG_8685.jpg 1970w\" sizes=\"(max-width: 554px) 100vw, 554px\" \/><\/figure>\n\n\n\n<figure class=\"wp-block-image size-large is-resized\"><img loading=\"lazy\" decoding=\"async\" src=\"https:\/\/atelier-restauration-ceramique-des-boutons-dor.fr\/wp-content\/uploads\/2022\/10\/IMG_8687-1024x939.jpg\" alt=\"\" class=\"wp-image-442\" width=\"554\" height=\"508\" srcset=\"https:\/\/atelier-restauration-ceramique-des-boutons-dor.fr\/wp-content\/uploads\/2022\/10\/IMG_8687-1024x939.jpg 1024w, https:\/\/atelier-restauration-ceramique-des-boutons-dor.fr\/wp-content\/uploads\/2022\/10\/IMG_8687-300x275.jpg 300w, https:\/\/atelier-restauration-ceramique-des-boutons-dor.fr\/wp-content\/uploads\/2022\/10\/IMG_8687-768x704.jpg 768w, https:\/\/atelier-restauration-ceramique-des-boutons-dor.fr\/wp-content\/uploads\/2022\/10\/IMG_8687-1536x1409.jpg 1536w, https:\/\/atelier-restauration-ceramique-des-boutons-dor.fr\/wp-content\/uploads\/2022\/10\/IMG_8687-2048x1878.jpg 2048w\" sizes=\"(max-width: 554px) 100vw, 554px\" \/><\/figure>\n","protected":false},"excerpt":{"rendered":"<p>Il existe diff\u00e9rents types de restauration applicables aux objets en c\u00e9ramique. Elles sont de deux sortes&nbsp;: les restaurations r\u00e9versibles et la restauration d\u00e9finitive. Les restaurations r\u00e9versibles peuvent, comme leur nom l\u2019indique, \u00eatre d\u00e9mont\u00e9es. Il est \u00e0 noter qu\u2019elles n\u00e9cessitent d\u2019employer des produits chimiques qui interdisent l\u2019utilisation alimentaire des objets apr\u00e8s restauration. -la restauration arch\u00e9ologique&nbsp;: pour &hellip; <\/p>\n<p class=\"link-more\"><a href=\"https:\/\/atelier-restauration-ceramique-des-boutons-dor.fr\/index.php\/technique\/\" class=\"more-link\">Continuer la lecture<span class=\"screen-reader-text\"> de &laquo;&nbsp;TECHNIQUES&nbsp;&raquo;<\/span><\/a><\/p>\n","protected":false},"author":2,"featured_media":0,"parent":0,"menu_order":0,"comment_status":"closed","ping_status":"closed","template":"","meta":{"footnotes":""},"class_list":["post-72","page","type-page","status-publish","hentry"],"aioseo_notices":[],"amp_enabled":true,"_links":{"self":[{"href":"https:\/\/atelier-restauration-ceramique-des-boutons-dor.fr\/index.php\/wp-json\/wp\/v2\/pages\/72"}],"collection":[{"href":"https:\/\/atelier-restauration-ceramique-des-boutons-dor.fr\/index.php\/wp-json\/wp\/v2\/pages"}],"about":[{"href":"https:\/\/atelier-restauration-ceramique-des-boutons-dor.fr\/index.php\/wp-json\/wp\/v2\/types\/page"}],"author":[{"embeddable":true,"href":"https:\/\/atelier-restauration-ceramique-des-boutons-dor.fr\/index.php\/wp-json\/wp\/v2\/users\/2"}],"replies":[{"embeddable":true,"href":"https:\/\/atelier-restauration-ceramique-des-boutons-dor.fr\/index.php\/wp-json\/wp\/v2\/comments?post=72"}],"version-history":[{"count":3,"href":"https:\/\/atelier-restauration-ceramique-des-boutons-dor.fr\/index.php\/wp-json\/wp\/v2\/pages\/72\/revisions"}],"predecessor-version":[{"id":449,"href":"https:\/\/atelier-restauration-ceramique-des-boutons-dor.fr\/index.php\/wp-json\/wp\/v2\/pages\/72\/revisions\/449"}],"wp:attachment":[{"href":"https:\/\/atelier-restauration-ceramique-des-boutons-dor.fr\/index.php\/wp-json\/wp\/v2\/media?parent=72"}],"curies":[{"name":"wp","href":"https:\/\/api.w.org\/{rel}","templated":true}]}}